
Suppose c + 20 = 5*c. Suppose -c*v + 3*p = -25 - 2, -3*p = -3. Let h(j) = j**3 - 5*j**2 - 4*j + 9. What are the prime factors of h(v)?
3, 7
Let c(b) = -b**2 + 8*b + 10. Let s(a) = -3*a**2 + 23*a + 31. Let l(j) = 8*c(j) - 3*s(j). What are the prime factors of l(-6)?
53
Suppose 3*j = 85 + 284. List the prime factors of j.
3, 41
Let i = 7739 - 3973. List the prime factors of i.
2, 7, 269
Suppose -25*f + 7410 = -12*f. List the prime factors of f.
2, 3, 5, 19
Let l = 2265 + -1253. List the prime factors of l.
2, 11, 23
Suppose -5*a = p - 212, -4*p - 120 = -4*a + 64. List the prime factors of a.
43
Let r = -2335 - -2702. What are the prime factors of r?
367
Let c(i) be the third derivative of i**6/120 - i**5/60 + i**4/24 - i**3/6 - 4*i**2. Let f be c(2). Suppose -f*n + 7 + 28 = 0. What are the prime factors of n?
7
Let g(x) = x**3 - 7*x**2 + 6*x + 4. Let b be g(5). Let a be (-9)/(-6)*b/(-12). Suppose -18 = -a*v - 4*p, 4*v - 2*p - 43 = -3*p. List the prime factors of v.
11
What are the prime factors of (-22965)/(-10) + 6/4?
2, 3, 383
Let s(w) = -135*w + 39. What are the prime factors of s(-9)?
2, 3, 11, 19
What are the prime factors of 20/(-20) + (-1 + -1742)/(-3)?
2, 5, 29
Suppose -f = -46 - 20. Let o = f - 36. Suppose 4*i - o = 2*i. List the prime factors of i.
3, 5
Suppose 23*s + 1 = 47. List the prime factors of s.
2
Suppose -3*z + 40 = -5*l - 375, 264 = 2*z + 3*l. Let k = z + 65. What are the prime factors of k?
2, 5
Let f(r) = 2*r + 20. Let q(a) = -9*a - 84. Let c(z) = 18*z + 167. Let u(g) = 3*c(g) + 5*q(g). Let x(p) = -21*f(p) + 5*u(p). What are the prime factors of x(11)?
2, 3
Let d be 10 + 1/((-4)/16). List the prime factors of (d/24)/((-3)/400)*-6.
2, 5
Suppose 359 = 3*q - 25. Let m be -2 - (-6 + -3 - -5). Suppose -2*x = m*x - q. What are the prime factors of x?
2
Let n(o) be the first derivative of 5*o**3/3 - 9*o**2/2 + 21*o + 2. Let z(d) = -2*d**2 + 3*d - 7. Let q(b) = -3*n(b) - 8*z(b). List the prime factors of q(5).
3, 11
Let f be 6/9 + (-11)/3. Let i be (-6)/f + -2 - -1. Suppose -h = 2*n - 5, 3*n = -i - 11. What are the prime factors of h?
13
Suppose -3*p = 2 + 22. Let n(b) = -b**3 - 3*b**2 - 2*b - 3. Let m be n(-2). What are the prime factors of ((-36)/p)/m*-2?
3
Let s(j) be the second derivative of -9*j + 0 + 5/2*j**2 + 1/3*j**3. List the prime factors of s(0).
5
Let p(b) = b**2 + 6*b - 4. Let r be p(-6). Let w = 2 - r. Suppose -g - 60 = -w*g. List the prime factors of g.
2, 3
Let u be ((-16)/(-12) - 2)/(5/75). Let p(i) = -26*i - 28. List the prime factors of p(u).
2, 29
Suppose 0 = -4*i - 152 - 8. Let u be (-12)/6 + 1*i. List the prime factors of u/(-9)*12 + -4.
2, 13
Suppose 2*x - 28 = -10. Let t(q) = 3*q**2 - 34*q + 19. Let k(n) = n**2 - 11*n + 6. Let g(h) = 7*k(h) - 2*t(h). What are the prime factors of g(x)?
2
Let q = -451 + 484. Suppose 0 = 5*s - y - 2*y + 100, -80 = 4*s + 3*y. Let d = s + q. What are the prime factors of d?
13
Let k = 4 + -8. Let b(a) = -a**2 - 3*a + 2. Let t be b(k). Let f(u) = -5*u**3 + u**2 + 2*u - 1. What are the prime factors of f(t)?
3, 13
Let o(x) = 8*x - 13. Suppose -3*b + 15 = -3. What are the prime factors of o(b)?
5, 7
Suppose -2*a + 3272 = -2*t, 0 = t - 4*t + 3. List the prime factors of a.
1637
Suppose 4*f = -20, -4*p + 2*f + 11 = 113. Let g = -19 - p. Let l = -6 + g. What are the prime factors of l?
3
Let g(a) = -2 + 18*a + 6*a + 2*a. Let s be g(1). Let d = 42 - s. List the prime factors of d.
2, 3
Suppose -1401 = -2*b + a, 711 = b + 9*a - 6*a. List the prime factors of b.
2, 3, 13
Let k be (2/(-4))/(1/(-6)). Suppose -2*c - 1 = -k*c. List the prime factors of 2/(2/4*c).
2
Suppose -3*v - 33 = -5*p, -20 - 6 = -5*p - 4*v. Let w(k) = 2*k - 12. Let o be w(p). Suppose 0 = d - 5, c + 3*c + 5*d - 77 = o. What are the prime factors of c?
13
Let d(b) = 2435*b**2 - 44*b + 3. What are the prime factors of d(1)?
2, 3, 7, 19
Suppose 10*v = 36*v - 24544. What are the prime factors of v?
2, 59
Let m = 16 + -4. Let z(f) = f**2 - 11*f - 14. Let h be z(m). What are the prime factors of h + 3 - (-42)/3?
3, 5
Let m(s) = -s + 9. Let a be m(9). Suppose -234 = 4*v - i, -i + 0*i - 2 = a. What are the prime factors of (-22)/(-55)*(1 - v)?
2, 3
Let y be 1/((-3)/36)*(-124)/(-12). What are the prime factors of (-16)/(-56) - y/7?
2, 3
Let f = 10 - -10. Let h be 4/(-6)*3 + f. Suppose -d - 3 = 3*s, -d + 5*s = -h - 11. List the prime factors of d.
3
Suppose 0 = 2*p - 11 - 1. Suppose -a - 2*x + 32 = -p*x, 0 = x. Suppose 4*o + a = 3*c, c + 3*c - 4*o = 48. List the prime factors of c.
2
Let k(m) = m**3 - m**2 + 2*m + 1. Let x be k(2). Let y = -3 - -8. Suppose -y*j = -2*r, -4*j - 5 = -3*r + x. List the prime factors of r.
2, 5
Suppose -6*a = -4*o - a + 64, 2*a + 8 = 0. Suppose -o - 53 = -d. Let s = d - 39. What are the prime factors of s?
5
List the prime factors of -8*18498/(-216) + 1/(-9).
5, 137
List the prime factors of (232 - -3) + (-10)/5.
233
Let q = -2380 - -3888. List the prime factors of q.
2, 13, 29
Suppose 15*j = 17*j - 12. Suppose 3*o - 222 = j*a - a, -5*o + 398 = a. List the prime factors of o.
79
Let u(z) = -z**2 - 19*z - 21. List the prime factors of u(-7).
3, 7
Let s = 22 + -20. Let c be 4 + 0/(-5) + s. Suppose -h + 4*q = -3*h + 64, -2*q = c. What are the prime factors of h?
2, 19
Let j(f) = -f**3 + f**2 + 4*f + 1. Let x be j(-2). Suppose 3*o + 46 = t + x*o, -t = o - 47. What are the prime factors of t?
2, 3
What are the prime factors of 1780 + (2/(-11))/(9/(-99))?
2, 3, 11
Suppose 0 = 2*a - 275 - 1333. Suppose 4*t = 4*h + a, -115 - 271 = -2*t - 2*h. List the prime factors of t.
197
What are the prime factors of (-755)/(-3) + 9/(216/(-16))?
251
Let l = 8 + -8. Suppose -3*x = -l*x - 156. Suppose 5*q = -2*o + x, 4*q = 2*q + 3*o + 17. List the prime factors of q.
2, 5
Let o = -38 + 121. Suppose 0 = -j + a + o, -4*j + 4*a - 9*a + 341 = 0. What are the prime factors of j?
2, 3, 7
Suppose -222*n + 245*n = 105915. What are the prime factors of n?
3, 5, 307
Let i = 40 - 40. Suppose 2*o = -i*o + 144. List the prime factors of o.
2, 3
Suppose 8*h + 1845 = 9445. List the prime factors of h.
2, 5, 19
Suppose 2*d - 2*f - 333 = 365, -2*d - f = -689. What are the prime factors of d?
2, 173
List the prime factors of (28/(-14))/(2/(-263)).
263
Suppose -s - 10*s = -9042. List the prime factors of s.
2, 3, 137
Let c(p) = -12*p - 16. Let t be c(5). Let y = t - -107. What are the prime factors of y?
31
Let h be 0/(-2) - (-14 - -12). List the prime factors of (-51)/(1/h - 1).
2, 3, 17
List the prime factors of -4 - (-15257)/22 - (-3)/2.
691
Suppose -8*m - 3 = -9*m. Suppose 6 = -0*j + m*j. Suppose 74 = 4*a + j*p, -20 = 2*a - 2*p - 72. List the prime factors of a.
3, 7
Suppose -4*c = -4*m - 8, 5*c + 5*m - 5 = 5. Suppose 0 = -4*s + 8, d = -4*d - c*s + 1309. List the prime factors of d.
3, 29
Let f = -2096 - -4936. What are the prime factors of f?
2, 5, 71
Suppose 5*h - h - 8 = 0. Suppose -z - z - d + 81 = 0, h = 2*d. What are the prime factors of z?
2, 5
Suppose 0 = 4*k - a - 3623, 128*a = 2*k + 131*a - 1801. What are the prime factors of k?
5, 181
Suppose 389*j - 397*j = -2592. List the prime factors of j.
2, 3
Suppose -9 = -b - 5, 0 = -5*f + 2*b + 3872. List the prime factors of (-3)/(f/(-764) - -1).
191
Let j be 21/(-7) + 0 - 4. Let t(v) = -v + v**2 - 7*v - 2*v**2 + 17. List the prime factors of t(j).
2, 3
Let f be 6 - ((-10)/(-4) - (-27)/(-18)). Suppose -p = -y - 104, 0 = f*p + 5*y - 2*y - 528. What are the prime factors of p?
3, 5, 7
Suppose 37*t - 41*t + 2*u + 2984 = 0, 0 = 4*t + 4*u - 2996. What are the prime factors of t?
3, 83
Let p be (24/28)/6 + 1080/35. Let x be 26/10 + (-4)/(-10). Suppose 2*o + 3*o + 4*w - p = 0, 0 = x*o + w - 13. What are the prime factors of o?
3
Suppose 0 = -3*x - 3*o + o, -x - o = 0. Let w(h) = h**3 - 2*h**2 + h + 94. What are the prime factors of w(x)?
2, 47
Let u be (4/(-6))/(10/15). Let o(p) = 78*p**2 + 2*p + 1. Let r be o(u). What are the prime factors of 2/6 - r/(-3)?
2, 13
Let b = 89 + -99. Let g = b + 69. List the prime factors of g.
59
Let s(o) = o**3 - 3*o**2 - 10*o + 1. Let w be s(8). Suppose 0 = 2*t - 5*t - 5*g + w, 4*t - 304 = 2*g. List the prime factors of t.
7, 11
Let q be (-12)/(2*9/(-12)). Suppose -5*k = 3*j - 85, 3*j + 5*k = q*j - 115. List the prime factors of j.
5
Let f(r) = 105*r**